 5*z + 2956 = 4*z, 4*z + 1964 = 2*a. Let p = a + -666. What are the prime factors of p?
2, 5
Suppose 5*p + 3*j = -2*j + 785, -2*j - 148 = -p. Suppose p = -168*z + 170*z. List the prime factors of z.
7, 11
Let b be 11312/24 + (-2)/6. Suppose 2*v - 2495 = -b. List the prime factors of v.
2, 11, 23
Suppose 3*l - 22695 = -4*t, -140*t + 139*t - 3 = 0. What are the prime factors of l?
3, 29
Let d(k) = 83*k**2 - 91*k - 1255. List the prime factors of d(-13).
5, 2791
Let m(l) = 4*l. Suppose 4*a + 2*c + c + 4 = 0, -2*a = -3*c - 16. Suppose 0 = -x + 5*w + 32, -3*w = -a*x - x + 48. List the prime factors of m(x).
2, 3
Suppose 5*b - 6*b = a - 4487, 0 = -3*b + a + 13465. Suppose -1956 - b = -12*z. What are the prime factors of z?
3, 179
Let k(l) = -6 + 3*l + 5*l + 1 + 9*l**2 + l**3. Suppose -4*m = 4*v + 1 + 7, 23 = -4*v + m. What are the prime factors of k(v)?
5, 11
Let x = 1021 - 706. Suppose -4*n + 3*s - 100 + 423 = 0, -5*s = 4*n - x. Suppose 4*g = 516 - n. What are the prime factors of g?
109
List the prime factors of ((-1668)/18)/((4/9)/((-2786)/21)).
139, 199
Suppose -269*m = -267*m - 166. Let s = m + -40. What are the prime factors of s?
43
List the prime factors of (-153)/(-357) - ((-1144368)/(-28))/(-4).
2, 3, 13, 131
Suppose 0*a - 3*m + 40 = 4*a, -3*a + 2*m = -13. Suppose 0 = 8*t + a*t - 7275. List the prime factors of t.
5, 97
Suppose 0 = -8*i + 12*i - 8. Suppose -5*m - q + 50 = 4*q, i*q - 8 = 0. List the prime factors of m/21 - 2615/(-35).
3, 5
Let c(j) = 1239*j - 1030. List the prime factors of c(16).
2, 9397
Let a(g) = -g**3 + 10*g**2 + 2*g - 15. Let z be a(10). Suppose h = 2*h + z*h. Suppose -86 = -2*t + 3*r + r, 2*t - 2*r - 90 = h. What are the prime factors of t?
47
Let g = 4970 + -3321. List the prime factors of g.
17, 97
Suppose 7*b - 5 = -41 + 127. Let u be 177/4 + (-2)/8. Let z = u + b. List the prime factors of z.
3, 19
Let r(a) be the third derivative of a**6/120 - 11*a**5/30 - 11*a**4/24 + 109*a**3/6 + 107*a**2. What are the prime factors of r(23)?
5, 7, 11
Let i be (-10130)/4*16/(-20). Suppose -127 + i = 9*h. Suppose 68 = -13*r + h. List the prime factors of r.
11
What are the prime factors of (-3)/((-858)/4064896) + (-1)/(-13)?
61, 233
Let a be (6 - -696 - 7) + -7. Suppose 9*r - 8*r = -1, -i = 5*r - a. List the prime factors of i.
3, 7, 11
Let g be (-3)/((-78)/134) + 10/(-65). Suppose w + 0*w + 3*o - 241 = 0, g*w - 2*o = 1239. What are the prime factors of w?
13, 19
Let n = -435 - -251. Let g = -1424 - -1300. Let f = g - n. List the prime factors of f.
2, 3, 5
Let k(j) = -6*j + 13. Let a be k(-4). Suppose -2*d - 43 = -a. What are the prime factors of (3 - 1)*d/((-24)/604)?
151
Let w(p) = -17*p + 195 + 20*p + 2*p. What are the prime factors of w(-20)?
5, 19
Let v(m) = -30*m**3 + 2*m**2 + 5*m - 4. Let w be v(-3). Let t = -569 + w. List the prime factors of t.
2, 3, 5
Let b = -201 - -461. Suppose -3*m - x = -m - b, 4*m = -4*x + 520. Suppose 3*a + c - m = -0*a, -5*a + 3*c + 198 = 0. List the prime factors of a.
2, 3, 7
Let r(y) = -1303*y**3 + y**2 - 7*y + 6. Let l be r(1). Let v = -470 - l. List the prime factors of v.
7, 17
Let k = 88054 + -54540. What are the prime factors of k?
2, 13, 1289
Let x(b) = b**2 - 11*b - 18. Let r(f) = -5*f**2 + 45*f + 72. Let v(d) = 2*r(d) + 9*x(d). Let c be v(-4). Suppose 2*j + c*j = 152. List the prime factors of j.
2, 19
Let b = 731 - 668. Suppose -49*i + b*i = 10766. List the prime factors of i.
769
Let m(b) = -175*b + 1466. List the prime factors of m(-36).
2, 11, 353
Let q be ((-1)/(-4) - 234/72)*-1. Suppose -q*m = -209 - 406. List the prime factors of m.
5, 41
Suppose 196 = 2*y - 5*w, -5*y + 3*w = 4*w - 517. Let s = 91 + y. What are the prime factors of s?
2, 97
Let l(f) = -f**3 + f + 105. Let k be (-3)/2*(-20)/(-6)*-1. Suppose 3*z + 15 = -5*v, v + 25 = 3*v - k*z. List the prime factors of l(v).
3, 5, 7
Let n(f) = -28*f - 196. Let l be n(-7). Suppose 54*z - 65*z + 22913 = l. What are the prime factors of z?
2083
Suppose -k - 1456 = -2*k - 5*l, 0 = -k + 5*l + 1496. Suppose -54 - k = 5*m. Let o = -166 - m. List the prime factors of o.
2, 5, 7
Suppose -109580 = -5*b + 2*q, 9*q + 43861 = 2*b + 14*q. List the prime factors of b.
2, 3, 13, 281
Suppose -4*a = f + 4 - 18, 0 = 2*f + 2*a - 10. Suppose 6*i - 1376 = -f*i. Suppose -3*g = -5*r - 570, -3*g - i + 724 = r. What are the prime factors of g?
5, 37
Let m = -112 - -116. Suppose 5*f - 8*h = -5*h + 29, m*f - 5*h = 18. Suppose f*b - 1198 = -477. What are the prime factors of b?
103
Let d = -328 + 328. Suppose d = a + 5*j - 1168, -3*j + 2*j = 0. What are the prime factors of a?
2, 73
Let v = 155 - 107. Suppose -10*j = -14*j - v. List the prime factors of (53/2)/((-6)/j).
53
Let r = 11292 + 2993. List the prime factors of r.
5, 2857
Suppose -2*l - 40 = 3*p - 280, 2*l + p - 240 = 0. List the prime factors of (-667*(-2)/10)/(24/l).
23, 29
Let p be 7 + (-828)/(-30) + 2/5. Let j = p + -149. Let l = j - -157. List the prime factors of l.
43
Suppose -g + 0*g - a = -63, -2*g = -a - 117. Suppose 55*o - 1100 = g*o. List the prime factors of (-11)/(o/(-16))*255/(-2).
2, 3, 17
Let f be (42/4)/(42/28). Let c(x) = -3*x + 25. Let u be c(f). What are the prime factors of (-26)/(-13) + 191 + -2 + u?
3, 5, 13
Let q = 36 + -47. Let o = 12 + q. Suppose 4*k - 12 = 0, 0 = 4*p - 5*p + k - o. List the prime factors of p.
2
Suppose -p - 3*v + 87 = 0, 5*p + 2*v - 448 = -0*v. Let d = 364 + p. Suppose 0 = -5*m + h + d, 4*m - h - 168 = 195. What are the prime factors of m?
7, 13
Let i(w) = 37*w + 1247 + 18*w**2 + 35*w**2 + w**3 - 1139 + 0*w**3. List the prime factors of i(-52).
2, 3, 37
Let y be (-45)/(-25) - 1/(-5). Suppose -1736 = -2*q - 2*q. Suppose 2 = v + y*l - 87, -l - q = -5*v. List the prime factors of v.
3, 29
Let l = -97 - -93. List the prime factors of (-6165)/15*l/2*1.
2, 3, 137
Suppose -12*c = -18589 - 35507. What are the prime factors of c?
2, 7, 23
Suppose 0 = 5*u - 25, -a + 5*a + 2*u + 2222 = 0. Let b = a - -983. List the prime factors of b.
5, 17
Let l(b) = -b**3 + 15*b**2 - 11*b - 14. Let u be l(14). Suppose -u*s = -19*s - 5193. List the prime factors of s.
577
Let o(a) = a - 11. Let d be o(9). Let r(w) = 3*w**2 + 0*w**2 + 2*w + 7 - 4*w - 6. List the prime factors of r(d).
17
Suppose 6*d - 89 - 49 = 0. Let j = d + -18. Suppose -2 = -3*x - 2*p + 29, 0 = 5*x - j*p - 10. List the prime factors of x.
7
Suppose -621*o = -625*o + 31052. List the prime factors of o.
7, 1109
What are the prime factors of (-36)/(-66) - ((-8)/(-28) - (-11451896)/(-616))?
3, 6197
What are the prime factors of 6*((-6)/(-18) + 1797 + 4)?
2, 7, 193
Suppose -9*j - 128 + 605 = 0. Suppose 0 = -51*t + j*t - 434. What are the prime factors of t?
7, 31
Suppose b + 3513 = 5*z, -7*b = z - 6*b - 705. Suppose -16*k + 11*k - z = -d, -k - 2179 = -3*d. List the prime factors of d.
2, 7, 13
Suppose -13*u + 5425 - 953 = 0. Let x = 7 + -2. Suppose -r + x*r = u. What are the prime factors of r?
2, 43
Suppose -5*p - 216 = 3*f, 3*f + 2*p = 43 - 268. Let b = -10954 + 11254. Let w = f + b. What are the prime factors of w?
223
Suppose 4*l = -3*p + 22, -p - l + 10 = 2*p. List the prime factors of p - (3/(-15) - 64908/60).
2, 271
Suppose -u - 6 = 0, -u - 124618 = 75*h - 79*h. What are the prime factors of h?
31153
Suppose -28 - 86 = -2*y. Let r = y - 57. Suppose 37*i - 41*i + 332 = r. List the prime factors of i.
83
Let b(u) = -9*u**3 - u**2 + u + 1. Let p be b(1). Suppose l - 1 = -z + 68, -2*l - 187 = -3*z. Let g = z + p. What are the prime factors of g?
3, 19
Let u(i) = 6*i - 12. Let t be u(3). Suppose t*j - 8652 = -15*j. What are the prime factors of j?
2, 103
Let u(j) = -j**2 - 17*j. Suppose -s + 29 + 12 = 0. Suppose -5*b = -5*w - 55, -b + 6*b + s = -w. What are the prime factors of u(w)?
2
Let x = 973 - 1772. Let b = x - -1369. Suppose 256 = 7*g - b. What are the prime factors of g?
2, 59
What are the prime factors of 36/((-29)/(-63) + (-6)/14)?
2, 3, 7
Let t(k) = -607*k - 1278. What are the prime factors of t(-18)?
2, 3, 67
Let j(t) be the third derivative of t**4/6 + 35*t**3/6 + 19*t**2. Let i be j(0). Suppose -l - i = -6*l. List the prime factors of l.
7
What are the prime factors of (10/(330/51953))/(-5 - (-183)/36)?
2, 4723
Let s = 378 + -376. Suppose s*z = 2, -o = 23*z - 19*z - 578. What are the prime fact